on factor of 2059 and 40541?
71
Calculate the greatest common factor of 1976 and 8944.
104
What is the highest common divisor of 4746087 and 27?
27
Calculate the greatest common factor of 94640 and 1008.
112
Calculate the greatest common factor of 539 and 18571.
49
What is the highest common divisor of 3531250 and 50?
50
Calculate the highest common factor of 1311 and 3.
3
Calculate the greatest common factor of 4112 and 285013.
257
What is the highest common factor of 9763 and 949?
13
Calculate the greatest common divisor of 7282 and 1166.
22
What is the highest common divisor of 428 and 2493956?
428
Calculate the highest common factor of 26 and 178438.
26
Calculate the highest common divisor of 55332 and 117189.
261
Calculate the greatest common factor of 213169 and 22.
11
What is the greatest common factor of 172 and 16469?
43
What is the greatest common factor of 340 and 69955?
85
What is the highest common divisor of 52730 and 1070?
10
What is the highest common divisor of 22 and 1126?
2
Calculate the highest common divisor of 1416155 and 65.
65
What is the greatest common factor of 74640 and 45?
15
Calculate the greatest common divisor of 28084 and 52.
4
Calculate the greatest common factor of 175 and 573425.
25
What is the greatest common divisor of 150 and 92850?
150
What is the highest common divisor of 56 and 75848?
8
What is the highest common divisor of 1455 and 80?
5
Calculate the highest common divisor of 513 and 4779.
27
What is the greatest common divisor of 92 and 371174?
46
What is the greatest common divisor of 126 and 62398?
14
What is the greatest common divisor of 7436 and 163020?
572
Calculate the greatest common divisor of 1 and 25439.
1
Calculate the highest common factor of 211617 and 63.
63
Calculate the highest common divisor of 212992 and 64.
64
What is the greatest common factor of 248 and 271374?
62
Calculate the greatest common factor of 4000 and 12150.
50
What is the greatest common divisor of 8040 and 380?
20
Calculate the greatest common divisor of 961 and 257.
1
Calculate the highest common divisor of 8802 and 378.
54
Calculate the greatest common divisor of 438 and 4062.
6
Calculate the highest common divisor of 13504 and 832.
64
Calculate the highest common factor of 2016 and 900.
36
What is the greatest common factor of 132323 and 1921?
113
What is the highest common factor of 15 and 3843?
3
Calculate the greatest common divisor of 18 and 2979.
9
Calculate the highest common factor of 98 and 35721.
49
Calculate the greatest common divisor of 29929 and 346.
173
What is the highest common factor of 50598 and 216?
54
What is the greatest common factor of 14 and 86?
2
Calculate the greatest common divisor of 201278 and 28.
14
What is the highest common divisor of 5 and 56010?
5
What is the greatest common divisor of 1038 and 2578?
2
What is the greatest common divisor of 49897 and 551301?
1217
What is the greatest common divisor of 7569458 and 52?
26
Calculate the highest common factor of 17396900 and 25.
25
Calculate the greatest common factor of 13587 and 21.
21
What is the highest common divisor of 107471 and 4641?
91
Calculate the greatest common divisor of 1826613 and 279.
279
What is the highest common divisor of 180453 and 351?
39
Calculate the greatest common factor of 9288 and 4104.
216
What is the greatest common divisor of 186 and 6330?
6
What is the highest common divisor of 366093 and 189?
189
What is the highest common divisor of 954 and 256944?
318
Calculate the highest common divisor of 88315 and 1530.
85
What is the highest common divisor of 135756 and 72?
36
What is the greatest common factor of 6 and 2433?
3
What is the highest common divisor of 154 and 55858?
22
Calculate the greatest common divisor of 45165 and 15.
15
What is the highest common divisor of 228 and 4710708?
228
What is the highest common factor of 76520 and 40?
40
Calculate the highest common divisor of 19502 and 14.
14
What is the highest common divisor of 85 and 168895?
85
Calculate the greatest common factor of 5084 and 39811.
41
Calculate the greatest common divisor of 646 and 1998.
2
Calculate the greatest common divisor of 31990 and 2997463.
3199
Calculate the greatest common divisor of 9085 and 52555.
115
Calculate the greatest common factor of 2 and 13007.
1
Calculate the greatest common divisor of 237 and 110679.
237
Calculate the greatest common divisor of 953525 and 2150.
1075
What is the greatest common factor of 159414 and 10758?
978
Calculate the greatest common factor of 981 and 171.
9
Calculate the greatest common divisor of 193 and 241636.
193
Calculate the greatest common divisor of 1414377 and 738.
369
What is the greatest common factor of 3484 and 6700?
268
What is the greatest common divisor of 55 and 727199?
11
What is the highest common divisor of 119 and 2191?
7
Calculate the highest common factor of 237622 and 154.
154
What is the highest common divisor of 552 and 5136?
24
What is the highest common factor of 6689969 and 1573?
1573
Calculate the greatest common divisor of 9762 and 24.
6
What is the greatest common divisor of 9720132 and 118?
118
Calculate the highest common factor of 191557 and 1784.
223
What is the highest common divisor of 1613338 and 158?
158
Calculate the greatest common factor of 168 and 86324.
28
Calculate the greatest common divisor of 12921 and 60663.
219
Calculate the greatest common divisor of 65 and 3099265.
65
Calculate the greatest common factor of 2536500 and 570.
570
Calculate the greatest common divisor of 4950 and 1760.
110
Calculate the greatest common factor of 2424 and 1499850.
606
Calculate the greatest common factor of 1 and 123474.
1
Calculate the highest common divisor of 1156140 and 540.
540
Calculate the greatest common divisor of 29 and 3799.
29
What is the highest common divisor of 221 and 4979?
13
What is the greatest common factor of 2352 and 151536?
336
Calculate the highest common divisor of 962468 and 223.
223
What is the highest common divisor of 1424 and 688?
16
What is the highest common divisor of 798 and 166383?
399
Calculate the highest common factor of 6 and 43698.
6
Calculate the highest common factor of 3750656 and 256.
256
Calculate the greatest common factor of 3714 and 27236.
1238
Calculate the greatest common factor of 720 and 135600.
240
Calculate the greatest common factor of 30437 and 165.
11
What is the greatest common factor of 913 and 263857?
913
What is the greatest common divisor of 1525 and 8662?
61
Calculate the highest common divisor of 7320 and 96.
24
What is the greatest common divisor of 497 and 71284?
71
What is the greatest common divisor of 2184852 and 60?
12
Calculate the highest common factor of 234592 and 160.
32
Calculate the greatest common factor of 322 and 46.
46
Calculate the highest common divisor of 1006027 and 22.
11
Calculate the greatest common divisor of 2569 and 239651.
367
What is the greatest common divisor of 1723750 and 1050?
350
What is the greatest common factor of 180 and 44532?
36
Calculate the greatest common divisor of 94 and 156463.
47
What is the greatest common divisor of 213658 and 4718?
674
Calculate the greatest common factor of 423 and 1863.
9
What is the greatest common factor of 4893 and 336?
21
What is the highest common divisor of 74594 and 1208?
302
Calculate the greatest common divisor of 81675 and 99.
99
Calculate the highest common factor of 3125 and 225.
25
Calculate the highest common factor of 198 and 25641.
99
Calculate the highest common divisor of 5899 and 81198.
347
Calculate the greatest common factor of 5005 and 91.
91
What is the highest common divisor of 1075 and 2795?
215
What is the highest common factor of 18556 and 6?
2
What is the greatest common divisor of 17 and 4777?
17
Calculate the greatest common divisor of 1710 and 3650.
10
Calculate the highest common factor of 792969 and 3.
3
What is the greatest common divisor of 184 and 741497?
23
Calculate the highest common divisor of 70 and 105350.
70
What is the highest common divisor of 141968 and 1472?
16
Calculate the highest common factor of 144819 and 27.
9
What is the greatest common divisor of 288 and 145872?
144
Calculate the greatest common divisor of 238 and 128058.
14
What is the greatest common factor